{"id":618,"date":"2019-04-10T23:49:42","date_gmt":"2019-04-10T21:49:42","guid":{"rendered":"http:\/\/lapiazzadelleidee.comune.mirano.ve.it\/?page_id=618"},"modified":"2023-08-28T15:47:10","modified_gmt":"2023-08-28T13:47:10","slug":"forum","status":"publish","type":"page","link":"https:\/\/lapiazzadelleidee.comune.mirano.ve.it\/?page_id=618","title":{"rendered":"Forum Cittadini"},"content":{"rendered":"\n<h3 class=\"wp-block-heading\">Dalle Consulte ai Forum<\/h3>\n\n\n\n<p>L\u2019iniziativa dei nuovi Forum Cittadini, iniziata nel 2017 con il secondo mandato di Maria Rosa Pavanello,  nasce per <strong>sintetizzare<\/strong>\u00a0le esperienze precedenti del Comune di Mirano relativamente alla Partecipazione: le Consulte e le esperienze di democrazia partecipata, tra cui spicca l\u2019esperienza della Piazza delle Idee.<\/p>\n\n\n\n<p>Per saperne di pi\u00f9 \u00e8 possibile prendere visione di alcune slides riassuntive della proposta scaricandole al seguente link:&nbsp;<a href=\"http:\/\/lapiazzadelleidee.comune.mirano.ve.it\/cms\/wp-content\/uploads\/2018\/04\/Slides-Forum-Principali.pdf\">Slides Forum<\/a><\/p>\n\n\n\n<p>Gli obiettivi preposti e perseguiti dal Consigliere delegato alle politiche partecipative Alessio Silvestrini erano quelli di <strong>aprire la possibilit\u00e0 di partecipazione a tutti i cittadini<\/strong> e le categorie che vivono la citt\u00e0 oltre che alle sole Associazioni come storicamente era avvenuto con le Consulte, e la <strong>valorizzazione delle frazioni<\/strong> cercando di dare spazio e voce diretta anche ai cittadini dei vari <strong>quartieri<\/strong> della nostra citt\u00e0 policentrica.<\/p>\n\n\n\n<p>E&#8217; stato quindi realizzato il nuovo <a href=\"https:\/\/municipium-images-production.s3-eu-west-1.amazonaws.com\/s3\/4099\/allegati\/Regolamenti\/reg-104-partecipazione.pdf\" data-type=\"link\" data-id=\"https:\/\/municipium-images-production.s3-eu-west-1.amazonaws.com\/s3\/4099\/allegati\/Regolamenti\/reg-104-partecipazione.pdf\">Regolamento per la Partecipazione<\/a> al cui interno sono stati normati i Forum ai quali si sono voluti dare <strong>pi\u00f9 strumenti di lavoro<\/strong>: la possibilit\u00e0 di lavorare in team, <strong>l\u2019informatizzazione dei lavori <\/strong>anche attraverso un portale dedicato, e la possibilit\u00e0 di accedere a metodi di lavoro pi\u00f9 flessibili, tipici invece delle iniziative di Democrazia Partecipata (come i <strong>facilitatori<\/strong> e la possibilit\u00e0 di destinare un <strong>budget<\/strong> per mettere in atto i progetti decisi dai forum).<\/p>\n\n\n\n<p>I Forum dovranno, infine, essere la sede per trovare un dialogo diretto con l\u2019Amministrazione comunale, cercando di portare a fattibilit\u00e0 e rendere materialmente possibili le tante idee che potranno uscire dalle sedi di partecipazione: a questo servir\u00e0 il tavolo permanente del Comitato per la Partecipazione, che con i vari <strong>responsabili e coordinatori<\/strong> dei Forum dar\u00e0 <strong>impulso ai lavori<\/strong> e si interfaccer\u00e0 direttamente con i rappresentanti dell\u2019amministrazione.<\/p>\n\n\n\n<p>Per approfondire ulteriormente, altre informazioni pi\u00f9 dettagliate anche di confronto con il precedente sistema delle Consulte, si possono trovare all\u2019indirizzo:&nbsp;<a href=\"http:\/\/lapiazzadelleidee.comune.mirano.ve.it\/cms\/wp-content\/uploads\/2018\/04\/Slides-approfondimento.pdf\">Slides approfondimento<\/a><\/p>\n\n\n\n<p>La proposta di regolamento e di costituzione dei Forum ha visto la realizzazione di alcuni questionari a giugno 2018 e diversi incontri con associazioni e stakeholder locali, oltre che diversi confronti all&#8217;interno della commissione comunale preposta. <\/p>\n\n\n\n<h3 class=\"wp-block-heading\">Il questionario<\/h3>\n\n\n\n<p>A Giugno 2018 \u00e8 stato presentato ai cittadini un questionario con l\u2019obiettivo di conoscere meglio quali siano le aspettative, i desideri, le disponibilit\u00e0 dei cittadini miranesi di fronte al tema della partecipazione: sapere cosa ha funzionato e cosa invece va corretto nelle molte esperienze passate \u00e8 fondamentale per impostare correttamente un nuovo sistema di partecipazione. <\/p>\n\n\n\n<p>Di seguito il link <a href=\"http:\/\/lapiazzadelleidee.comune.mirano.ve.it\/?p=535\" class=\"su-button su-button-style-flat\" style=\"color:#FFFFFF;background-color:#2D89EF;border-color:#246ec0;border-radius:8px;-moz-border-radius:8px;-webkit-border-radius:8px\" target=\"_blank\" rel=\"noopener noreferrer\"><span style=\"color:#FFFFFF;padding:7px 22px;font-size:17px;line-height:26px;border-color:#6cadf4;border-radius:8px;-moz-border-radius:8px;-webkit-border-radius:8px;text-shadow:none;-moz-text-shadow:none;-webkit-text-shadow:none\"><i class=\"sui sui-arrow-right\" style=\"font-size:17px;color:#FFFFFF\"><\/i> continua a leggere&#8230;<\/span><\/a>\n\n\n\n<p><\/p>\n\n\n\n<h2 class=\"wp-block-heading\">I Forum<\/h2>\n\n\n\n<p>Dopo l&#8217;approvazione del Regolamento sono stati costituiti i Forum Cittadini quali organo di consultazione, partecipazione, proposta, confronto e di dialogo costruttivo tra la comunit\u00e0 miranese e l\u2019amministrazione comunale, volti ad avvicinare le scelte amministrative alle esigenze della comunit\u00e0 che vive ed opera nel territorio di Mirano.<br>Finalit\u00e0, funzionamento e attivit\u00e0 dei Forum sono stabiliti dal Titolo IV del\u00a0<a rel=\"noreferrer noopener\" href=\"https:\/\/municipium-images-production.s3-eu-west-1.amazonaws.com\/s3\/4099\/allegati\/Regolamenti\/reg-104-partecipazione.pdf\" target=\"_blank\">Regolamento comunale sulla partecipazione, l&#8217;associazionismo, il terzo settore, la sussidiariet\u00e0 ed il volontariato civico<\/a>\u201d.<br><strong>Le riunioni dei Forum sono pubbliche<\/strong>, come previsto dall\u2019articolo 41 del Regolamento.<\/p>\n\n\n\n<p>I riferimenti dei Forum attivi sono:<\/p>\n\n\n\n<h3 class=\"wp-block-heading\">Forum Cultura e Natura<\/h3>\n\n\n\n<p>Presidente: Renata Cibin, Compagnia delle Smirne<br>Vicepresidente: Sandra Pegoraro, Amiche\/amici delle Muse<br>Segretario: Pierluigi Paloscia, Legambiente Miranese<br>E-mail:\u00a0<a href=\"mailto:forumculturanaturamirano@gmail.com\">forumculturanaturamirano@gmail.com<\/a>\u00a0<\/p>\n\n\n\n<h3 class=\"wp-block-heading\">Forum Terzo Settore<\/h3>\n\n\n\n<p>Presidente: Paolo Morlotti, Circolo NOI &#8220;Giuseppe Favaretto&#8221; &#8211; APS<br>Vicepresidente: Gianni Giardini, Fenice ODV<br>Segretario: Federico Vivian, Circolo NOI &#8220;Giuseppe Favaretto&#8221;<br>Assistenti: Cinzia Marella e Simone Naletto<br>E-mail:\u00a0<a href=\"mailto:forumterzosettoremirano@gmail.com\">forumterzosettoremirano@gmail.com<\/a>\u00a0<\/p>\n\n\n\n<h2 class=\"wp-block-heading\">Forum delle Attivit\u00e0 sportive<\/h2>\n\n\n\n<p>Presidente: Stefano Marchiori, CAI Mirano<br>Vicepresidente: Michele Bora, USD Miranese<br>Segretario: Ennio Favaro, Antares<br>E-mail:\u00a0<a href=\"mailto:forumsportmirano@gmail.com\">forumsportmirano@gmail.com<\/a>\u00a0<\/p>\n\n\n\n<h3 class=\"wp-block-heading\">Forum delle Attivit\u00e0 Economiche<\/h3>\n\n\n\n<p>Presidente: Fabio Livieri, Coldiretti, Segretario di zona<br>Vicepresidente: Tiziana Molinari, Confcommercio &#8211; Direttrice Generale<br>Segretario: Franco Stevanato, titolare di un&#8217;attivit\u00e0 artigianale a Mirano<br>E-mail:\u00a0<a href=\"mailto:forumattivitaeconomichemirano@gmail.com\">forumattivitaeconomichemirano@gmail.com<\/a>\u00a0<\/p>\n\n\n\n<h3 class=\"wp-block-heading\">Forum dei cittadini e delle cittadine, frazioni, quartieri e territorio<\/h3>\n\n\n\n<p>Presidente: Monia Novello, frazione Campocroce<br>Vicepresidente: Paolo Saccon, Quartiere Mirano Centro \/ via Matteotti<br>Segretaria: Simonetta Zamengo, frazione Campocroce<br>E-mail:\u00a0<a href=\"mailto:forumcittamirano@gmail.com\">forumcittamirano@gmail.com<\/a>\u00a0<\/p>\n\n\n\n<h2 class=\"wp-block-heading\">Forum dei Giovani<\/h2>\n\n\n\n<p>Presidente: Tania Saccon<br>Vicepresidente: Damiano Salaroli, ass. My Regeneration<br>Segretaria: Veronica Giacomini<br>E-mail:\u00a0<a href=\"mailto:forumgiovanimirano@gmail.com\">forumgiovanimirano@gmail.com<\/a>\u00a0<\/p>\n\n\n\n<p><\/p>\n\n\n\n<hr class=\"wp-block-separator has-css-opacity is-style-wide\"\/>\n\n\n\n<h3 class=\"wp-block-heading\">Altre Informazioni e Domande Frequenti<\/h3>\n\n\n\n<p>In questa sezione saranno pubblicate le informazioni e aggiornamenti del progetto man mano che procede. \u00c8 anche possibile richiedere informazioni ulteriori o inviare proposte direttamente all&#8217;Assessora delegata alla <em>Citt\u00e0 della collaborazione e partecipazione e alle attivit\u00e0 di rigenerazione<\/em> <em>urbana<\/em> Elena Spolaore, mediante l\u2019indirizzo email istituzionale <strong>elena.spolaore@comune.mirano.ve.it<\/strong>. Le domande e risposte pi\u00f9 pertinenti e utili saranno pubblicate in questa sezione.<\/p>\n","protected":false},"excerpt":{"rendered":"<p>Dalle Consulte ai Forum L\u2019iniziativa dei nuovi Forum Cittadini, iniziata nel 2017 con il secondo mandato di Maria Rosa Pavanello, nasce per sintetizzare\u00a0le esperienze precedenti del Comune di Mirano relativamente alla Partecipazione: le Consulte e le esperienze di democrazia partecipata, tra cui spicca l\u2019esperienza della Piazza delle Idee. Per saperne di pi\u00f9 \u00e8 possibile prendere&hellip; <br \/> <a class=\"button small blue\" href=\"https:\/\/lapiazzadelleidee.comune.mirano.ve.it\/?page_id=618\">Leggi tutto<\/a><\/p>\n","protected":false},"author":1,"featured_media":0,"parent":0,"menu_order":0,"comment_status":"closed","ping_status":"closed","template":"","meta":{"footnotes":""},"_links":{"self":[{"href":"https:\/\/lapiazzadelleidee.comune.mirano.ve.it\/index.php?rest_route=\/wp\/v2\/pages\/618"}],"collection":[{"href":"https:\/\/lapiazzadelleidee.comune.mirano.ve.it\/index.php?rest_route=\/wp\/v2\/pages"}],"about":[{"href":"https:\/\/lapiazzadelleidee.comune.mirano.ve.it\/index.php?rest_route=\/wp\/v2\/types\/page"}],"author":[{"embeddable":true,"href":"https:\/\/lapiazzadelleidee.comune.mirano.ve.it\/index.php?rest_route=\/wp\/v2\/users\/1"}],"replies":[{"embeddable":true,"href":"https:\/\/lapiazzadelleidee.comune.mirano.ve.it\/index.php?rest_route=%2Fwp%2Fv2%2Fcomments&post=618"}],"version-history":[{"count":8,"href":"https:\/\/lapiazzadelleidee.comune.mirano.ve.it\/index.php?rest_route=\/wp\/v2\/pages\/618\/revisions"}],"predecessor-version":[{"id":2260,"href":"https:\/\/lapiazzadelleidee.comune.mirano.ve.it\/index.php?rest_route=\/wp\/v2\/pages\/618\/revisions\/2260"}],"wp:attachment":[{"href":"https:\/\/lapiazzadelleidee.comune.mirano.ve.it\/index.php?rest_route=%2Fwp%2Fv2%2Fmedia&parent=618"}],"curies":[{"name":"wp","href":"https:\/\/api.w.org\/{rel}","templated":true}]}}